{"id":2221,"date":"2021-03-04T08:07:12","date_gmt":"2021-03-04T08:07:12","guid":{"rendered":"http:\/\/127.0.0.1\/wp\/wp_rozer\/?page_id=2221"},"modified":"2025-02-21T19:00:59","modified_gmt":"2025-02-21T22:00:59","slug":"home-page-04","status":"publish","type":"page","link":"https:\/\/www.wiitec.cl\/index.php\/home-page-04\/","title":{"rendered":"Wiitec &#8211; Tecnolog\u00eda y Seguridad"},"content":{"rendered":"\t\t<div data-elementor-type=\"wp-page\" data-elementor-id=\"2221\" class=\"elementor elementor-2221\" data-elementor-post-type=\"page\">\n\t\t\t\t\t\t<section class=\"wd-negative-gap elementor-section elementor-top-section elementor-element elementor-element-0b5eb25 elementor-section-full_width rowspaceproduct elementor-section-height-default elementor-section-height-default\" data-id=\"0b5eb25\" data-element_type=\"section\" data-e-type=\"section\">\n\t\t\t\t\t\t<div class=\"elementor-container elementor-column-gap-no\">\n\t\t\t\t\t<div class=\"elementor-column elementor-col-100 elementor-top-column elementor-element elementor-element-bffaed0\" data-id=\"bffaed0\" data-element_type=\"column\" data-e-type=\"column\">\n\t\t\t<div class=\"elementor-widget-wrap elementor-element-populated\">\n\t\t\t\t<div class=\"wd-negative-gap elementor-element elementor-element-358f80e e-flex e-con-boxed e-con e-parent\" data-id=\"358f80e\" data-element_type=\"container\" data-e-type=\"container\">\n\t\t\t\t\t<div class=\"e-con-inner\">\n\t\t\t\t\t<\/div>\n\t\t\t\t<\/div>\n\t\t\t\t\t<\/div>\n\t\t<\/div>\n\t\t\t\t\t<\/div>\n\t\t<\/section>\n\t\t\t\t<section class=\"wd-negative-gap elementor-section elementor-top-section elementor-element elementor-element-5f6a1aa8 elementor-section-full_width title-product rowspaceproductlist elementor-section-height-default elementor-section-height-default\" data-id=\"5f6a1aa8\" data-element_type=\"section\" data-e-type=\"section\">\n\t\t\t\t\t\t<div class=\"elementor-container elementor-column-gap-no\">\n\t\t\t\t\t<div class=\"elementor-column elementor-col-100 elementor-top-column elementor-element elementor-element-431c721e\" data-id=\"431c721e\" data-element_type=\"column\" data-e-type=\"column\">\n\t\t\t<div class=\"elementor-widget-wrap\">\n\t\t\t\t\t\t\t<\/div>\n\t\t<\/div>\n\t\t\t\t\t<\/div>\n\t\t<\/section>\n\t\t<div class=\"wd-negative-gap elementor-element elementor-element-667a378 e-flex e-con-boxed e-con e-parent\" data-id=\"667a378\" data-element_type=\"container\" data-e-type=\"container\">\n\t\t\t\t\t<div class=\"e-con-inner\">\n\t\t\t\t<div class=\"elementor-element elementor-element-0f712e6 elementor-widget__width-initial elementor-widget elementor-widget-image\" data-id=\"0f712e6\" data-element_type=\"widget\" data-e-type=\"widget\" data-widget_type=\"image.default\">\n\t\t\t\t<div class=\"elementor-widget-container\">\n\t\t\t\t\t\t\t\t\t\t\t\t<figure class=\"wp-caption\">\n\t\t\t\t\t\t\t\t\t\t\t<a href=\"https:\/\/www.wiitec.cl\/wp-content\/uploads\/2024\/12\/pago_webpay.png\" data-elementor-open-lightbox=\"yes\" data-elementor-lightbox-title=\"pago_webpay\" data-e-action-hash=\"#elementor-action%3Aaction%3Dlightbox%26settings%3DeyJpZCI6MzE2NCwidXJsIjoiaHR0cHM6XC9cL3d3dy53aWl0ZWMuY2xcL3dwLWNvbnRlbnRcL3VwbG9hZHNcLzIwMjRcLzEyXC9wYWdvX3dlYnBheS5wbmcifQ%3D%3D\">\n\t\t\t\t\t\t\t<img loading=\"lazy\" decoding=\"async\" width=\"300\" height=\"80\" src=\"https:\/\/www.wiitec.cl\/wp-content\/uploads\/2024\/12\/pago_webpay-300x80.png\" class=\"attachment-medium size-medium wp-image-3164\" alt=\"\" srcset=\"https:\/\/www.wiitec.cl\/wp-content\/uploads\/2024\/12\/pago_webpay-300x80.png 300w, https:\/\/www.wiitec.cl\/wp-content\/uploads\/2024\/12\/pago_webpay-148x39.png 148w, https:\/\/www.wiitec.cl\/wp-content\/uploads\/2024\/12\/pago_webpay-150x40.png 150w, https:\/\/www.wiitec.cl\/wp-content\/uploads\/2024\/12\/pago_webpay.png 400w\" sizes=\"auto, (max-width: 300px) 100vw, 300px\" \/>\t\t\t\t\t\t\t\t<\/a>\n\t\t\t\t\t\t\t\t\t\t\t<figcaption class=\"widget-image-caption wp-caption-text\"><\/figcaption>\n\t\t\t\t\t\t\t\t\t\t<\/figure>\n\t\t\t\t\t\t\t\t\t<\/div>\n\t\t\t\t<\/div>\n\t\t\t\t\t<\/div>\n\t\t\t\t<\/div>\n\t\t\t\t<\/div>\n\t\t","protected":false},"excerpt":{"rendered":"<p>Reci\u00e9n llegados M\u00e1s vendidos Ofertas Vista r\u00e1pida A\u00f1adir a la lista de deseos Compare Imou C\u00e1mara De Seguridad Bullet 2e<\/p>\n","protected":false},"author":1,"featured_media":0,"parent":0,"menu_order":0,"comment_status":"closed","ping_status":"closed","template":"","meta":{"footnotes":""},"class_list":["post-2221","page","type-page","status-publish","hentry"],"jetpack_sharing_enabled":true,"_links":{"self":[{"href":"https:\/\/www.wiitec.cl\/index.php\/wp-json\/wp\/v2\/pages\/2221","targetHints":{"allow":["GET"]}}],"collection":[{"href":"https:\/\/www.wiitec.cl\/index.php\/wp-json\/wp\/v2\/pages"}],"about":[{"href":"https:\/\/www.wiitec.cl\/index.php\/wp-json\/wp\/v2\/types\/page"}],"author":[{"embeddable":true,"href":"https:\/\/www.wiitec.cl\/index.php\/wp-json\/wp\/v2\/users\/1"}],"replies":[{"embeddable":true,"href":"https:\/\/www.wiitec.cl\/index.php\/wp-json\/wp\/v2\/comments?post=2221"}],"version-history":[{"count":103,"href":"https:\/\/www.wiitec.cl\/index.php\/wp-json\/wp\/v2\/pages\/2221\/revisions"}],"predecessor-version":[{"id":3204,"href":"https:\/\/www.wiitec.cl\/index.php\/wp-json\/wp\/v2\/pages\/2221\/revisions\/3204"}],"wp:attachment":[{"href":"https:\/\/www.wiitec.cl\/index.php\/wp-json\/wp\/v2\/media?parent=2221"}],"curies":[{"name":"wp","href":"https:\/\/api.w.org\/{rel}","templated":true}]}}