{"id":28736,"date":"2026-02-25T23:18:55","date_gmt":"2026-02-26T02:18:55","guid":{"rendered":"https:\/\/www.wiitec.cl\/index.php\/product\/radio-portatil-bluetooth-recargable-target-ttcf18bt\/"},"modified":"2026-04-02T18:18:17","modified_gmt":"2026-04-02T21:18:17","slug":"radio-portatil-bluetooth-recargable-target-ttcf18bt","status":"publish","type":"product","link":"https:\/\/www.wiitec.cl\/index.php\/product\/radio-portatil-bluetooth-recargable-target-ttcf18bt\/","title":{"rendered":"Radio Port\u00e1til Bluetooth Recargable Target TTCF18BT"},"content":{"rendered":"<p>\ud83d\udcfb Radio Port\u00e1til Bluetooth Target TT-CF18BT \u2013 Potencia total, conexi\u00f3n sin l\u00edmites<\/p>\n<p data-start=\"289\" data-end=\"650\" style=\"font-family: Assistant, sans-serif;font-size: 15px;font-style: normal;font-weight: 400;letter-spacing: 0.6px;text-align: start;text-indent: 0px;text-transform: none;white-space: normal\">\ud83d\udca5 La<span class=\"Apple-converted-space\">&nbsp;<\/span><strong data-start=\"295\" data-end=\"308\">TT-CF18BT<\/strong><span class=\"Apple-converted-space\">&nbsp;<\/span>es la radio port\u00e1til m\u00e1s completa de Target. Con<span class=\"Apple-converted-space\">&nbsp;<\/span><strong data-start=\"358\" data-end=\"370\">4 bandas<\/strong><span class=\"Apple-converted-space\">&nbsp;<\/span>(incluyendo dos ondas cortas),<span class=\"Apple-converted-space\">&nbsp;<\/span><strong data-start=\"402\" data-end=\"415\">Bluetooth<\/strong>,<span class=\"Apple-converted-space\">&nbsp;<\/span><strong data-start=\"417\" data-end=\"439\">bater\u00eda recargable<\/strong>, y entradas para<span class=\"Apple-converted-space\">&nbsp;<\/span><strong data-start=\"457\" data-end=\"479\">USB, MicroSD y AUX<\/strong>, es perfecta para quienes quieren estar siempre conectados a la m\u00fasica, a la se\u00f1al y a la energ\u00eda.<br \/>\n\u00bfEn casa, de viaje o en emergencia? Esta radio siempre responde. \ud83d\udd0a\ud83c\udf0d<\/p>\n<hr data-start=\"652\" data-end=\"655\" style=\"border: medium;height: 0.1rem;margin: 5rem 0px;font-family: Assistant, sans-serif;font-size: 15px;font-style: normal;font-weight: 400;letter-spacing: 0.6px;text-align: start;text-indent: 0px;text-transform: none;white-space: normal\">\n<h3 data-start=\"657\" data-end=\"691\" style=\"font-family: Assistant, sans-serif;font-style: normal;font-weight: var(--font-heading-weight);letter-spacing: 0.6px;line-height: calc(1 + .3\/max(1,var(--font-heading-scale)));font-size: calc(var(--font-heading-scale) * 1.7rem);text-align: start;text-indent: 0px;text-transform: none;white-space: normal\">\ud83d\ude80 Caracter\u00edsticas destacadas:<\/h3>\n<ul data-start=\"693\" data-end=\"1205\" style=\"padding-left: 2rem;font-family: Assistant, sans-serif;font-size: 15px;font-style: normal;font-weight: 400;letter-spacing: 0.6px;text-align: start;text-indent: 0px;text-transform: none;white-space: normal\">\n<li data-start=\"693\" data-end=\"796\">\n<p data-start=\"695\" data-end=\"796\">\ud83c\udf10<span class=\"Apple-converted-space\">&nbsp;<\/span><strong data-start=\"698\" data-end=\"731\">4 bandas: FM \/ AM \/ SW1 \/ SW2<\/strong><span class=\"Apple-converted-space\">&nbsp;<\/span>\u2013 Alcance extendido para emisoras nacionales e internacionales<\/p>\n<\/li>\n<li data-start=\"797\" data-end=\"872\">\n<p data-start=\"799\" data-end=\"872\">\ud83d\udcf1<span class=\"Apple-converted-space\">&nbsp;<\/span><strong data-start=\"802\" data-end=\"825\">Bluetooth integrado<\/strong><span class=\"Apple-converted-space\">&nbsp;<\/span>\u2013 Reproduce m\u00fasica desde tu celular o tablet<\/p>\n<\/li>\n<li data-start=\"873\" data-end=\"947\">\n<p data-start=\"875\" data-end=\"947\">\ud83d\udd0c<span class=\"Apple-converted-space\">&nbsp;<\/span><strong data-start=\"878\" data-end=\"912\">Entradas USB, MicroSD y AUX IN<\/strong><span class=\"Apple-converted-space\">&nbsp;<\/span>\u2013 Conecta tu m\u00fasica directamente<\/p>\n<\/li>\n<li data-start=\"948\" data-end=\"1027\">\n<p data-start=\"950\" data-end=\"1027\">\ud83d\udd0b<span class=\"Apple-converted-space\">&nbsp;<\/span><strong data-start=\"953\" data-end=\"987\">Bater\u00eda recargable de 1.200mAh<\/strong><span class=\"Apple-converted-space\">&nbsp;<\/span>\u2013 Ll\u00e9vala donde quieras, sin enchufes<\/p>\n<\/li>\n<li data-start=\"1028\" data-end=\"1127\">\n<p data-start=\"1030\" data-end=\"1127\">\ud83d\udd0c<span class=\"Apple-converted-space\">&nbsp;<\/span><strong data-start=\"1033\" data-end=\"1087\">Tambi\u00e9n funciona con pilas tipo D o corriente 220V<\/strong><span class=\"Apple-converted-space\">&nbsp;<\/span>\u2013 Energ\u00eda vers\u00e1til, est\u00e9s donde est\u00e9s<\/p>\n<\/li>\n<li data-start=\"1128\" data-end=\"1205\" style=\"margin-bottom: 0px\">\n<p data-start=\"1130\" data-end=\"1205\">\ud83d\udc5c<span class=\"Apple-converted-space\">&nbsp;<\/span><strong data-start=\"1133\" data-end=\"1162\">Dise\u00f1o robusto y port\u00e1til<\/strong><span class=\"Apple-converted-space\">&nbsp;<\/span>\u2013 Ideal para exterior, hogar o emergencias<\/p>\n<\/li>\n<\/ul>\n","protected":false},"excerpt":{"rendered":"<p>\ud83d\udcfb Radio Port\u00e1til Bluetooth Target TT-CF18BT \u2013 Potencia total, conexi\u00f3n sin l\u00edmites \ud83d\udca5 La&nbsp;TT-CF18BT&nbsp;es la radio port\u00e1til m\u00e1s completa de<\/p>\n","protected":false},"featured_media":28735,"comment_status":"open","ping_status":"closed","template":"","meta":[],"product_brand":[],"product_cat":[29],"product_tag":[],"class_list":{"0":"post-28736","1":"product","2":"type-product","3":"status-publish","4":"has-post-thumbnail","6":"product_cat-audio","8":"first","9":"instock","10":"sale","11":"taxable","12":"shipping-taxable","13":"purchasable","14":"product-type-simple"},"jetpack_sharing_enabled":true,"_links":{"self":[{"href":"https:\/\/www.wiitec.cl\/index.php\/wp-json\/wp\/v2\/product\/28736","targetHints":{"allow":["GET"]}}],"collection":[{"href":"https:\/\/www.wiitec.cl\/index.php\/wp-json\/wp\/v2\/product"}],"about":[{"href":"https:\/\/www.wiitec.cl\/index.php\/wp-json\/wp\/v2\/types\/product"}],"replies":[{"embeddable":true,"href":"https:\/\/www.wiitec.cl\/index.php\/wp-json\/wp\/v2\/comments?post=28736"}],"version-history":[{"count":1,"href":"https:\/\/www.wiitec.cl\/index.php\/wp-json\/wp\/v2\/product\/28736\/revisions"}],"predecessor-version":[{"id":28755,"href":"https:\/\/www.wiitec.cl\/index.php\/wp-json\/wp\/v2\/product\/28736\/revisions\/28755"}],"wp:featuredmedia":[{"embeddable":true,"href":"https:\/\/www.wiitec.cl\/index.php\/wp-json\/wp\/v2\/media\/28735"}],"wp:attachment":[{"href":"https:\/\/www.wiitec.cl\/index.php\/wp-json\/wp\/v2\/media?parent=28736"}],"wp:term":[{"taxonomy":"product_brand","embeddable":true,"href":"https:\/\/www.wiitec.cl\/index.php\/wp-json\/wp\/v2\/product_brand?post=28736"},{"taxonomy":"product_cat","embeddable":true,"href":"https:\/\/www.wiitec.cl\/index.php\/wp-json\/wp\/v2\/product_cat?post=28736"},{"taxonomy":"product_tag","embeddable":true,"href":"https:\/\/www.wiitec.cl\/index.php\/wp-json\/wp\/v2\/product_tag?post=28736"}],"curies":[{"name":"wp","href":"https:\/\/api.w.org\/{rel}","templated":true}]}}