{"id":28747,"date":"2026-03-27T00:43:48","date_gmt":"2026-03-27T03:43:48","guid":{"rendered":"https:\/\/www.wiitec.cl\/index.php\/product\/camara-wifi-doble-lente-full-hd-con-app-v360pro-seguridad-24-7-modelo-wpj-2644\/"},"modified":"2026-04-01T22:48:25","modified_gmt":"2026-04-02T01:48:25","slug":"camara-wifi-doble-lente-full-hd-con-app-v360pro-seguridad-24-7-modelo-wpj-2644","status":"publish","type":"product","link":"https:\/\/www.wiitec.cl\/index.php\/product\/camara-wifi-doble-lente-full-hd-con-app-v360pro-seguridad-24-7-modelo-wpj-2644\/","title":{"rendered":"C\u00e1mara WiFi Doble Lente Full HD con App \u2013 V360pro Seguridad 24\/7 MODELO  WPJ-2644"},"content":{"rendered":"<p>Unidades por pack: 1.<\/p>\n<p>Resoluci\u00f3n Full HD 1080p para im\u00e1genes n\u00edtidas y detalladas.<\/p>\n<p>Conectividad WIFI Dual Band 2.4Ghz y 5.0 Ghz para mayor flexibilidad.<\/p>\n<p>Movimiento PTZ con \u00e1ngulo de visi\u00f3n de 355\u00b0 horizontal y 90\u00b0 vertical.<\/p>\n<p>Visi\u00f3n nocturna con 12 pcs LED luz blanca y alcance de 5 a 10 mts.<\/p>\n<p>Comunicaci\u00f3n de audio bidireccional para interacciones en tiempo real.<\/p>\n","protected":false},"excerpt":{"rendered":"<p>Unidades por pack: 1. Resoluci\u00f3n Full HD 1080p para im\u00e1genes n\u00edtidas y detalladas. Conectividad WIFI Dual Band 2.4Ghz y 5.0<\/p>\n","protected":false},"featured_media":28748,"comment_status":"open","ping_status":"closed","template":"","meta":[],"product_brand":[],"product_cat":[575,612],"product_tag":[],"class_list":{"0":"post-28747","1":"product","2":"type-product","3":"status-publish","4":"has-post-thumbnail","6":"product_cat-accesorios-celular","7":"product_cat-camaras-wifi","9":"first","10":"instock","11":"sale","12":"taxable","13":"shipping-taxable","14":"purchasable","15":"product-type-simple"},"jetpack_sharing_enabled":true,"_links":{"self":[{"href":"https:\/\/www.wiitec.cl\/index.php\/wp-json\/wp\/v2\/product\/28747","targetHints":{"allow":["GET"]}}],"collection":[{"href":"https:\/\/www.wiitec.cl\/index.php\/wp-json\/wp\/v2\/product"}],"about":[{"href":"https:\/\/www.wiitec.cl\/index.php\/wp-json\/wp\/v2\/types\/product"}],"replies":[{"embeddable":true,"href":"https:\/\/www.wiitec.cl\/index.php\/wp-json\/wp\/v2\/comments?post=28747"}],"version-history":[{"count":1,"href":"https:\/\/www.wiitec.cl\/index.php\/wp-json\/wp\/v2\/product\/28747\/revisions"}],"predecessor-version":[{"id":28804,"href":"https:\/\/www.wiitec.cl\/index.php\/wp-json\/wp\/v2\/product\/28747\/revisions\/28804"}],"wp:featuredmedia":[{"embeddable":true,"href":"https:\/\/www.wiitec.cl\/index.php\/wp-json\/wp\/v2\/media\/28748"}],"wp:attachment":[{"href":"https:\/\/www.wiitec.cl\/index.php\/wp-json\/wp\/v2\/media?parent=28747"}],"wp:term":[{"taxonomy":"product_brand","embeddable":true,"href":"https:\/\/www.wiitec.cl\/index.php\/wp-json\/wp\/v2\/product_brand?post=28747"},{"taxonomy":"product_cat","embeddable":true,"href":"https:\/\/www.wiitec.cl\/index.php\/wp-json\/wp\/v2\/product_cat?post=28747"},{"taxonomy":"product_tag","embeddable":true,"href":"https:\/\/www.wiitec.cl\/index.php\/wp-json\/wp\/v2\/product_tag?post=28747"}],"curies":[{"name":"wp","href":"https:\/\/api.w.org\/{rel}","templated":true}]}}