{"id":28812,"date":"2026-04-17T17:07:02","date_gmt":"2026-04-17T21:07:02","guid":{"rendered":"https:\/\/www.wiitec.cl\/index.php\/product\/tvbox-android\/"},"modified":"2026-04-17T21:24:55","modified_gmt":"2026-04-18T01:24:55","slug":"tvbox-android","status":"publish","type":"product","link":"https:\/\/www.wiitec.cl\/index.php\/product\/tvbox-android\/","title":{"rendered":"Tvbox Android"},"content":{"rendered":"<p>ANDROID TV BOX 4K,ULTRA HD,H.265 HEVC<\/p>\n<p>CARACTER\u00cdSTICAS<\/p>\n<p>La \u00faltima tecnolog\u00eda basado en el sistema Android en el cuadro permite muchas aplicaciones, incluyendo navegador web, juegos en 2D \/ 3D, chat de v\u00eddeo a trav\u00e9s de Internet Skype \/ QQ, software de aplicaciones de oficina y as\u00ed sucesivamente.<\/p>\n<p>OTT TV BOX soporta alta velocidad de wi-fi para aplicaciones de red, que soporta el rat\u00f3n inal\u00e1mbrico 2.4Ghz, teclado y control remoto de aire.<\/p>\n<p>Soporte para descodificaci\u00f3n de audio Hi-Fi, decodificaci\u00f3n de v\u00eddeo Full HD 1080p y codificaci\u00f3n de v\u00eddeo Full HD 1080p.<\/p>\n<p>Soporta funciones avanzadas, como PPPOE, DLNA y miracast.<\/p>\n<p>Soporte a dispositivos externos, incluyendo unidad flash USB, disco duro USB, tarjetas de memoria.<\/p>\n<p>&nbsp;<\/p>\n<p>CONFIGURACI\u00d3N DEL SISTEMA:<\/p>\n<p>CPU: Amlogic S812 Quad Core 2 GHz (Cortex-A9)<\/p>\n<p>GPU: el Octubre-core Mali<\/p>\n<p>RAM: 1 GB DDR3<\/p>\n<p>ROM: 8 GB Flash NAND (4 GB va al sistema)<\/p>\n<p>Expandir la memoria: Micro SD (m\u00e1ximo apoyo 32 gb)<\/p>\n<p>Antena: construido en Wi-Fi de la antena<\/p>\n<p>&nbsp;<\/p>\n<p>SOFTWARE AJUSTES:<\/p>\n<p>El: Android 5.1 Kikat<\/p>\n<p>Idioma: multi-idioma<\/p>\n<p>DLNA Miracast Airplay Soporte<\/p>\n<p>Decodificador de V\u00eddeo de alta definici\u00f3n MPEG-1 2 4, H.264, H.265, hdavc, VC-1, RM, RMVB, xvi, DivX3, 4,5 6, RealVideo8, 9.10<\/p>\n<p>Media Format: AVI, RM, RMVB, TS, VOB, MKV, MOV, ISO, WMV ASF, FLV, DAT, MPG, MPEG<\/p>\n<p>M\u00fasica formato: MP3, WMA, AAC, WAV, OGG, AC3, DDP, True HD, DTS, DTS HD, FLAC, APE<\/p>\n<p>Formato de imagen: HD, JPEG, BMP, gIF, PNG, TIFF<\/p>\n<p>&nbsp;<\/p>\n<p>ELEMENTOS INCLUIDOS:<\/p>\n<p>01 KODI OTT TV CAJA MX9 HEVC 4K Ultra HD<\/p>\n<p>01 Control remoto<\/p>\n<p>01 Cable HDMI<\/p>\n<p>01 Cargador corriente<\/p>\n<p>01 Manual en Ingl\u00e9s<\/p>\n","protected":false},"excerpt":{"rendered":"<p>ANDROID TV BOX 4K,ULTRA HD,H.265 HEVC CARACTER\u00cdSTICAS La \u00faltima tecnolog\u00eda basado en el sistema Android en el cuadro permite muchas<\/p>\n","protected":false},"featured_media":28811,"comment_status":"open","ping_status":"closed","template":"","meta":[],"product_brand":[],"product_cat":[605],"product_tag":[],"class_list":{"0":"post-28812","1":"product","2":"type-product","3":"status-publish","4":"has-post-thumbnail","6":"product_cat-tv-smart","8":"first","9":"instock","10":"sale","11":"sold-individually","12":"taxable","13":"shipping-taxable","14":"purchasable","15":"product-type-simple"},"jetpack_sharing_enabled":true,"_links":{"self":[{"href":"https:\/\/www.wiitec.cl\/index.php\/wp-json\/wp\/v2\/product\/28812","targetHints":{"allow":["GET"]}}],"collection":[{"href":"https:\/\/www.wiitec.cl\/index.php\/wp-json\/wp\/v2\/product"}],"about":[{"href":"https:\/\/www.wiitec.cl\/index.php\/wp-json\/wp\/v2\/types\/product"}],"replies":[{"embeddable":true,"href":"https:\/\/www.wiitec.cl\/index.php\/wp-json\/wp\/v2\/comments?post=28812"}],"version-history":[{"count":0,"href":"https:\/\/www.wiitec.cl\/index.php\/wp-json\/wp\/v2\/product\/28812\/revisions"}],"wp:featuredmedia":[{"embeddable":true,"href":"https:\/\/www.wiitec.cl\/index.php\/wp-json\/wp\/v2\/media\/28811"}],"wp:attachment":[{"href":"https:\/\/www.wiitec.cl\/index.php\/wp-json\/wp\/v2\/media?parent=28812"}],"wp:term":[{"taxonomy":"product_brand","embeddable":true,"href":"https:\/\/www.wiitec.cl\/index.php\/wp-json\/wp\/v2\/product_brand?post=28812"},{"taxonomy":"product_cat","embeddable":true,"href":"https:\/\/www.wiitec.cl\/index.php\/wp-json\/wp\/v2\/product_cat?post=28812"},{"taxonomy":"product_tag","embeddable":true,"href":"https:\/\/www.wiitec.cl\/index.php\/wp-json\/wp\/v2\/product_tag?post=28812"}],"curies":[{"name":"wp","href":"https:\/\/api.w.org\/{rel}","templated":true}]}}