{"id":28820,"date":"2026-04-17T19:14:21","date_gmt":"2026-04-17T23:14:21","guid":{"rendered":"https:\/\/www.wiitec.cl\/index.php\/product\/linterna-frontal-recargable-nebo-mycro-400-lumenes\/"},"modified":"2026-04-17T21:23:56","modified_gmt":"2026-04-18T01:23:56","slug":"linterna-frontal-recargable-nebo-mycro-400-lumenes","status":"publish","type":"product","link":"https:\/\/www.wiitec.cl\/index.php\/product\/linterna-frontal-recargable-nebo-mycro-400-lumenes\/","title":{"rendered":"LINTERNA FRONTAL RECARGABLE NEBO MYCRO 400 L\u00daMENES"},"content":{"rendered":"<p>La linterna Mycro de Nebo&nbsp;es una soluci\u00f3n recargable, manos libres y 400 de l\u00famenes. La funci\u00f3n de inclinaci\u00f3n integrada le permite colocar el haz exactamente donde lo desea.&nbsp;Esta linterna cuenta con chips LED verde y rojo duales, con una funci\u00f3n directa a rojo para la visualizaci\u00f3n&nbsp;en la oscuridad.<\/p>\n<p>&nbsp;<\/p>\n<p>6 modos de luz<br \/>\n\u2022 Turbo (400 l\u00famenes) &#8211; 30 segundos \/ 80 metros.<br \/>\n\u2022 Alto (150 l\u00famenes) &#8211; 1 horas \/ 50 metros.<br \/>\n\u2022 Medio (50 (50 l\u00famenes) &#8211; 2 horas \/ 18 metros.<br \/>\n\u2022 Bajo (15 l\u00famenes) &#8211; 5 horas \/ 10 metros.<br \/>\n\u2022 LED rojo (10 l\u00famenes) &#8211; 10 horas \/ 14 metros.<br \/>\n\u2022 LED verde (10 l\u00famenes) &#8211; &#8211; 10 horas \/ 14 metros.<\/p>\n<p>Dise\u00f1o<br \/>\n\u2022 Recargable USB.<br \/>\n\u2022 Aluminio de grado de avi\u00f3n anodizado;<br \/>\n\u00b7&nbsp; Impermeable (IPX4) e indicador de carga de la bater\u00eda.<br \/>\n\u2022 Monte de correa de cabeza desmontable con inclinaci\u00f3n ajustable.<br \/>\n\u2022 El clip de visera se monta de forma segura en el pico de una tapa.<\/p>\n<p>Operaci\u00f3n<br \/>\n\u2022 Bot\u00f3n posicionado lateral para la selecci\u00f3n de potencia y modo.<\/p>\n<p>Accesorios<br \/>\n\u2022 Cable de carga Micro USB a USB incluido.<\/p>\n<p>Bater\u00edas<br \/>\n\u2022 alimentado por bater\u00eda recargable (incluida)<\/p>\n<p>Especificaciones<br \/>\n\u2022 Peso: 47g (sin correa).<br \/>\n\u2022 (l) 46 mm x (w) 32 mm x (h) 34 mm.<\/p>\n","protected":false},"excerpt":{"rendered":"<p>La linterna Mycro de Nebo&nbsp;es una soluci\u00f3n recargable, manos libres y 400 de l\u00famenes. La funci\u00f3n de inclinaci\u00f3n integrada le<\/p>\n","protected":false},"featured_media":28816,"comment_status":"open","ping_status":"closed","template":"","meta":[],"product_brand":[],"product_cat":[628],"product_tag":[],"class_list":{"0":"post-28820","1":"product","2":"type-product","3":"status-publish","4":"has-post-thumbnail","6":"product_cat-linternas","8":"first","9":"instock","10":"sale","11":"taxable","12":"shipping-taxable","13":"purchasable","14":"product-type-simple"},"jetpack_sharing_enabled":true,"_links":{"self":[{"href":"https:\/\/www.wiitec.cl\/index.php\/wp-json\/wp\/v2\/product\/28820","targetHints":{"allow":["GET"]}}],"collection":[{"href":"https:\/\/www.wiitec.cl\/index.php\/wp-json\/wp\/v2\/product"}],"about":[{"href":"https:\/\/www.wiitec.cl\/index.php\/wp-json\/wp\/v2\/types\/product"}],"replies":[{"embeddable":true,"href":"https:\/\/www.wiitec.cl\/index.php\/wp-json\/wp\/v2\/comments?post=28820"}],"version-history":[{"count":0,"href":"https:\/\/www.wiitec.cl\/index.php\/wp-json\/wp\/v2\/product\/28820\/revisions"}],"wp:featuredmedia":[{"embeddable":true,"href":"https:\/\/www.wiitec.cl\/index.php\/wp-json\/wp\/v2\/media\/28816"}],"wp:attachment":[{"href":"https:\/\/www.wiitec.cl\/index.php\/wp-json\/wp\/v2\/media?parent=28820"}],"wp:term":[{"taxonomy":"product_brand","embeddable":true,"href":"https:\/\/www.wiitec.cl\/index.php\/wp-json\/wp\/v2\/product_brand?post=28820"},{"taxonomy":"product_cat","embeddable":true,"href":"https:\/\/www.wiitec.cl\/index.php\/wp-json\/wp\/v2\/product_cat?post=28820"},{"taxonomy":"product_tag","embeddable":true,"href":"https:\/\/www.wiitec.cl\/index.php\/wp-json\/wp\/v2\/product_tag?post=28820"}],"curies":[{"name":"wp","href":"https:\/\/api.w.org\/{rel}","templated":true}]}}